n 99 is divided by -1 + 0 + q/(6/81).
21
Suppose 0*v - v = -1, 0 = -5*j - 5*v + 100. Suppose 8*q + 112 = 9*q. Calculate the remainder when q is divided by j.
17
Let i(u) = 2*u**3 - 14*u**2 + 6*u + 3. Calculate the remainder when 61 is divided by i(7).
16
Let l be (972/(-7))/(-4) + (-2)/(-7). Let y = -11 + l. Calculate the remainder when 44 is divided by y.
20
What is the remainder when ((-1)/2)/((-6)/2004) is divided by 5 + 7/28 + (-182)/(-8)?
27
Let h(v) = v**3 - 10*v**2 + v + 13. Suppose 0 = -3*i - 15, i - 5 = 2*c - 3*c. What is the remainder when h(c) is divided by (-3)/(-6)*-2*-13?
10
Suppose 3 = -3*o, -4*h + 11 = -4*o - 9. Suppose -h*s = -2*s + 6. What is the remainder when 60 is divided by 14 - (s*2)/3?
12
Suppose -8 = -4*a - i + 10, -4*i + 20 = 3*a. What is the remainder when 14 - (60/4)/3 is divided by a?
1
Let c(u) = -46*u + 380. What is the remainder when 113 is divided by c(7)?
55
Suppose 2*l - 130 = -3*l. Let o(t) = -12*t - 9. Let s = 50 + -52. What is the remainder when l is divided by o(s)?
11
Suppose -13 = -f - 2*q, 4*f - 3*q + 12 = 5*f. What is the remainder when 97 is divided by f?
7
Let t(k) be the second derivative of 5*k**3/6 - 4*k**2 + 7*k. Calculate the remainder when 30 is divided by t(5).
13
Suppose 5*u = 3*y - 83, 2*u - 2 = 4*u. Let m(j) = -7*j**3 - 4*j**2 + 7*j**3 - 3 + 3*j - 2*j**3. What is the remainder when m(-4) is divided by y?
23
Let i be 2/(-2) + -12 + -78. Let n = 97 + i. Calculate the remainder when 13 is divided by n.
1
Let i = 664 - 653. Calculate the remainder when 45 is divided by i.
1
Let y = 13 + -7. Suppose -306 = -y*k - 84. What is the remainder when 108 is divided by k?
34
Suppose 2*m = -q + 334, -5*m - 3*q = 11 - 848. Let j(s) = s + 12. What is the remainder when m is divided by j(0)?
9
Suppose -226 - 278 = -12*j. Let t = j - 39. Calculate the remainder when 6 is divided by t.
0
Suppose -2 - 8 = 2*r. Let c(k) = 10*k + 9. Let w(d) = 21*d + 18. Let q(g) = -5*c(g) + 2*w(g). Calculate the remainder when q(r) is divided by 17.
14
Let j(y) = -y**2 - 21*y + 29. Calculate the remainder when 368 is divided by j(-14).
114
Suppose -54 = -4*o + o. Suppose o = x + 3*y, 6*y - y = 4*x - 123. What is the remainder when x is divided by (11 - 12)*(-1)/((-1)/(-15))?
12
Suppose 2*p = -3*m + 97, -3*p = -8*m + 5*m + 72. Let l = -19 - -29. Calculate the remainder when m is divided by l.
9
Suppose 0 = -4*p - 11*p - 1500. Let l = -87 - p. What is the remainder when 22 is divided by l?
9
Calculate the remainder when 14280/(-168)*-1*2 is divided by 19.
18
What is the remainder when 17 - (-4 + (0 - -5) - 5) is divided by 11?
10
Let t be ((-33)/(-9))/(3/27). Suppose 52 = y + t. Calculate the remainder when 75 is divided by y.
18
Suppose 122*k - 5*w - 1220 = 117*k, -2*k = -3*w - 486. What is the remainder when k is divided by 50?
46
Let o(q) = 32*q**3 + q**2 - 4*q + 3. Calculate the remainder when 88 is divided by o(1).
24
Let k be 4/(100/95 + 2/(-2)). Suppose -d + k = -3*p - 36, p = 3. What is the remainder when d is divided by 41?
39
Let v = -1004 + 1109. Calculate the remainder when v is divided by 11.
6
Let v = -188 + 122. Let t = -41 - v. Calculate the remainder when 48 is divided by t.
23
Let r(m) = -m**2 + 38*m + 54. Calculate the remainder when r(20) is divided by 32.
30
Let x be 8/(-52) - 4/(52/(-67)). Suppose 0 = x*r - 0*r + 15, -2*l = 4*r - 104. What is the remainder when 112 is divided by l?
54
Let m(k) = k**3 + k**2 + 3*k - 1. Let x = 248 - 220. Calculate the remainder when x is divided by m(2).
11
Suppose a + 2*j = 305, -4*j = 5*a - 1202 - 299. Suppose 0*m + a = 3*m. What is the remainder when m is divided by 25?
24
Suppose -5*g + 112 + 3 = 0. Suppose 50 = -4*r - 6. What is the remainder when 620/14 - (-4)/r is divided by g?
21
Suppose 29*f = 4*k + 24*f - 72, 4*f = -3*k + 23. Calculate the remainder when k is divided by 5.
3
Let d = -38 + 33. Let h(z) = z**2 + 3*z - 7. Let p be h(d). Suppose 68 = 4*x + p*v, -35 = -3*x - 5*v + 16. What is the remainder when 31 is divided by x?
14
Let x(h) = 4*h + 2. Suppose 22*w + 26*w - 576 = 0. What is the remainder when x(8) is divided by w?
10
Suppose -8*u = 11 - 3. Calculate the remainder when 53 is divided by 21/(-42)*14/u.
4
Suppose 45 = -c + 3*x + 59, -18 = -c + 5*x. Calculate the remainder when 15 is divided by c.
7
Suppose -2*g + f + 15 = 0, -11*g + 21 = -7*g - 5*f. Let k = 101 - 67. Calculate the remainder when k + (-2)/((-2)/(-1)) is divided by g.
6
Let s(n) = 0*n + n**3 - 11*n**2 - 25*n - 15 + 12. Calculate the remainder when 47 is divided by s(13).
7
Suppose -9*g = -11*g. Let h(m) = -m**2 - m + 132. Let r be h(g). Suppose -5*a = -233 - r. What is the remainder when a is divided by 25?
23
Let r = 3 + 27. What is the remainder when 207 is divided by r?
27
What is the remainder when 320 is divided by 4/(1*5 + (-2407)/493)?
14
Suppose -3*k = 2*u - 4*u - 79, 0 = -2*k - 4*u + 42. Calculate the remainder when 249 is divided by k.
24
Let r(z) = -17*z - 57. Calculate the remainder when r(-11) is divided by 46.
38
Calculate the remainder when 251 is divided by 14/4*(-24)/(-7).
11
Let h(l) = -15*l**3 + l**2 + 2*l + 1. Suppose 5*i - 13 = 22. Suppose -3*k + i + 12 = -v, -2*k - 4*v + 36 = 0. What is the remainder when h(-1) is divided by k?
7
Suppose -4*g - 4*b + 212 = 0, 3*g - 148 = -4*b + 8. Calculate the remainder when 96 is divided by g.
40
Suppose 171*u = 164*u + 770. What is the remainder when u is divided by 60?
50
Let r = 909 - 909. Let p = 1 - -1. Suppose -5 = -c, 2*f = -p*c - r*c + 24. Calculate the remainder when 13 is divided by f.
6
Let y = -1338 + 1350. What is the remainder when 322 is divided by y?
10
Suppose -22*x - 290 = -24*x. Suppose 35 - x = -5*p. Let n(a) = -3*a**3 - a**2 + 3*a + 2. What is the remainder when n(-3) is divided by p?
21
Let p be (0*(-1)/4)/(-1). Let w be (0/(p + 3))/2. Suppose -2*g = -3*f - 1, 0 = -2*g - w*g + 4. What is the remainder when 1 is divided by f?
0
Suppose -65 = -4*s - 5*a, 4*s = -3*a - 0*a + 55. Let q = -8 - -28. Let t = q - s. Calculate the remainder when 18 is divided by t.
8
Let h(n) = 19*n**3 - 2*n**2 - n + 2. Let l be h(1). Suppose -2*m + l + 0 = 0. What is the remainder when 25 is divided by m?
7
Let w = -6 + 21. Calculate the remainder when w is divided by (-15)/(-2) + 12/(-8).
3
Let x be (-4)/6*-3*1. Suppose 17 = x*t + 1. Let q = t + -3. What is the remainder when 19 is divided by q?
4
Let y = -8210 - -8272. Let s(v) = 3*v**3 - 2*v**2 + 2*v - 2. Calculate the remainder when y is divided by s(2).
8
Suppose 12 - 72 = -4*t. Let h(r) = 188*r**3 + 3*r**2 - 3*r + 1. Let k be h(1). Suppose -2*q = 5*q - k. What is the remainder when q is divided by t?
12
Let t(d) = 3*d**3 - 10*d**2 - 13*d + 29. What is the remainder when 260 is divided by t(5)?
82
Let n = -195 - -256. Calculate the remainder when n is divided by 9.
7
Suppose -19*w + 1426 = 27*w. What is the remainder when 214 is divided by w?
28
Suppose 0 = 23*m - 6*m - 1003. Suppose 0 = -3*l + 3*c + 72, -5*c - m - 38 = -4*l. Calculate the remainder when 67 is divided by l.
21
Suppose 6*k - 937 + 829 = 0. What is the remainder when 269 is divided by k?
17
Suppose 7*h - 129 = 67. Let n be 6 - (4 - (2 + -1)). Suppose -n*w - 4*r = -2*w - 130, -350 = -3*w - 4*r. Calculate the remainder when w is divided by h.
26
Suppose -972 = -5*x - 392. Calculate the remainder when x is divided by 21.
11
Suppose 2*t = 5*i + 20, 4*i + 6 = -4*t - 10. Suppose t = 10*c + 1 - 91. What is the remainder when 20 is divided by c?
2
Suppose -5*d = -0*d - 45. Suppose 0*m - 639 = -d*m. What is the remainder when m is divided by 20?
11
Let w(m) = 58*m + 38. Let q be w(-3). Let l = -43 - q. What is the remainder when l is divided by 8?
5
Let y = -3 + 255. Suppose -y = -4*p - 17*p. Calculate the remainder when 69 is divided by p.
9
Suppose 0 = -103*h + 107*h - 356. What is the remainder when h is divided by 7?
5
Suppose 3*o + 14 = -0*o - 5*k, -3*k = -3*o + 18. Suppose 3*p - 29 = -2*z, -32 = -4*z + o*z - 4*p. What is the remainder when 50 is divided by 26/(-5)*(-25)/z?
11
Suppose 4*l = -t + 161, -2*t + 0*t - l = -357. Calculate the remainder when t is divided by 62.
57
Suppose -f + 74 = 3*n, -n - 2*f = f - 14. Calculate the remainder when 101 is divided by n.
23
Let k = -760 - -769. Suppose -3*o = 3*g + 3, 0 = 4*